{"id":81,"date":"2018-05-15T11:40:07","date_gmt":"2018-05-15T14:40:07","guid":{"rendered":"https:\/\/arpolar.com.br\/?page_id=81"},"modified":"2018-08-30T08:35:07","modified_gmt":"2018-08-30T11:35:07","slug":"solucoes","status":"publish","type":"page","link":"https:\/\/arpolar.com.br\/?page_id=81","title":{"rendered":"Solu\u00e7\u00f5es"},"content":{"rendered":"<h3>Vendemos solu\u00e7\u00f5es para os sistemas:<\/h3>\n<div>\n<ul>\n<li><u><strong>Sistemas VRF\u00a0<\/strong><\/u><\/li>\n<\/ul>\n<\/div>\n<div>\u00a0No campo do VRF atuamos nas \u00e1reas de projetos em instala\u00e7\u00f5es e uma engenharia dedicada a opera\u00e7\u00e3o e manuten\u00e7\u00e3o em suas mais diversas aplica\u00e7\u00f5es. Todas nossas equipes s\u00e3o preparadas nos centros tecnol\u00f3gicos do maiores fabricantes do setor, garantindo a obten\u00e7\u00e3o da m\u00e1xima efici\u00eancia energ\u00e9tica em todos projetos.<\/div>\n<p>&nbsp;<\/p>\n<div>\n<ul>\n<li><strong><u>Retrofit<\/u><\/strong><\/li>\n<\/ul>\n<div>\u00a0Nossa empresa realiza moderniza\u00e7\u00e3o de sistemas atrav\u00e9s de Retrofit, que consiste na mudan\u00e7a completa do conceitual do sistema instalado por equipamentos de alta efici\u00eancia energ\u00e9tica e baixo custos operacionais em pr\u00e9dios comerciais, sem que as atividades do cliente sejam afetadas, os clientes recebem um novo sistema de climatiza\u00e7\u00e3o e a rotina operacional do edif\u00edcio s\u00e3o preservadas do in\u00edcio ao t\u00e9rmino da obra, isto s\u00f3 \u00e9 poss\u00edvel, devido \u00e0 nossa expertise adquirida\u00a0 ao longo de 10 anos no qual realizamos este tipo de trabalho, nos estruturamos e especializamos nesta atividade, nos tornando a empresa no Brasil que mais realiza este modelo de obra.<\/div>\n<p>&nbsp;<\/p>\n<ul>\n<li><u><strong>Sistemas de Expans\u00e3o Indireta (Chiller)<\/strong><\/u><\/li>\n<\/ul>\n<p><span class=\"gmail-m_3259554158714844723m_-6781319563448280772m_5721220737325171110gmail-im\">\u00a0Atuamos intensamente no mercado de \u00e1gua\u00a0gelada atrav\u00e9s\u00a0de projetos, instala\u00e7\u00e3o e todas as\u00a0esferas de manuten\u00e7\u00e3o, sendo preditiva, preventiva,\u00a0corretiva e moderniza\u00e7\u00e3o de equipamentos de grande porte, sendo credenciados e treinados nos maiores fabricantes\u00a0atuantes\u00a0no mercado nacional.<\/span><\/p>\n<p>&nbsp;<\/p>\n<div>\n<ul>\n<li><u><strong>Sistema de Expans\u00e3o Direta<\/strong><\/u><\/li>\n<\/ul>\n<p>Realizamos instala\u00e7\u00e3o e manuten\u00e7\u00e3o em sistemas de expans\u00e3o direta como split&#8217;s, self&#8217;s e rooftop. Moderniza\u00e7\u00e3o dos equipamentos, sempre dentro das determina\u00e7\u00f5es e adequa\u00e7\u00f5es necess\u00e1rias ao cumprimento da\u00a0\u00a0<strong><a href=\"http:\/\/legislacao.planalto.gov.br\/legisla\/legislacao.nsf\/Viw_Identificacao\/lei%2013.589-2018?OpenDocument\">LEI N\u00ba 13.589, DE 4 DE JANEIRO DE 2018<\/a>,\u00a0<\/strong>integrando o sistema de climatiza\u00e7\u00e3o \u00e0s reais necessidades do usu\u00e1rio.<\/p>\n<p>&nbsp;<\/p>\n<ul>\n<li><strong><u>Sistemas de Ventila\u00e7\u00e3o Mec\u00e2nica , Exaust\u00e3o, Pressuriza\u00e7\u00e3o de Escadas e Extra\u00e7\u00e3o de Fuma\u00e7a<\/u><\/strong><\/li>\n<\/ul>\n<p><span class=\"gmail-m_3259554158714844723m_-6781319563448280772m_5721220737325171110gmail-im\">\u00a0Projetamos, instalamos e somos respons\u00e1veis pela manuten\u00e7\u00e3o de sistemas de pressuriza\u00e7\u00e3o de escada, tomadas de ar externo, ventila\u00e7\u00e3o mec\u00e2nica, exaust\u00e3o e sistemas de extra\u00e7\u00e3o de fuma\u00e7a, atuamos em edifica\u00e7\u00f5es desde sua concep\u00e7\u00e3o, projeto e execu\u00e7\u00e3o, atendendo os padr\u00f5es de qualidade e incluindo a certifica\u00e7\u00e3o LEED.<\/span><\/p>\n<p>&nbsp;<\/p>\n<\/div>\n<div>\n<ul>\n<li><u><strong>Dutos<\/strong><\/u><\/li>\n<\/ul>\n<\/div>\n<div>\u00a0Possu\u00edmos fabrica pr\u00f3pria, equipada com m\u00e1quinas operatrizes automatizadas de alta tecnologia, capazes de produzir dutos de alta qualidade em larga escala, dentro dos mais altos padr\u00f5es de exig\u00eancia do mercado, atendendo as normas como NBR-16401.<\/div>\n<p>&nbsp;<\/p>\n<\/div>\n<div>\n<div>\n<ul>\n<li><u><strong>Engenharia<\/strong><\/u><\/li>\n<\/ul>\n<\/div>\n<div>\u00a0Possu\u00edmos uma equipe de engenharia altamente capacitada e de grande renome no mercado de HVACR, especializada em avalia\u00e7\u00e3o, remodelagem, e montagem de projetos, visando sustentabilidade e efici\u00eancia energ\u00e9tica com experi\u00eancia tamb\u00e9m em obras com padr\u00e3o LEED. Com um grande diferencial de ser uma equipe atuante e diretamente ligada ao departamento de manuten\u00e7\u00e3o e instala\u00e7\u00e3o, otimizando os processos, gerando qualidade e satisfa\u00e7\u00e3o de nossos clientes.<\/div>\n<\/div>\n","protected":false},"excerpt":{"rendered":"<p>Vendemos solu\u00e7\u00f5es para os sistemas: Sistemas VRF\u00a0 \u00a0No campo do VRF atuamos nas \u00e1reas de projetos em instala\u00e7\u00f5es e uma engenharia dedicada a opera\u00e7\u00e3o e manuten\u00e7\u00e3o em suas mais diversas aplica\u00e7\u00f5es. Todas nossas equipes s\u00e3o preparadas nos centros tecnol\u00f3gicos do maiores fabricantes do setor, garantindo a obten\u00e7\u00e3o da m\u00e1xima efici\u00eancia energ\u00e9tica em todos projetos. &nbsp; [&hellip;]<\/p>\n","protected":false},"author":1,"featured_media":0,"parent":0,"menu_order":0,"comment_status":"closed","ping_status":"closed","template":"","meta":[],"_links":{"self":[{"href":"https:\/\/arpolar.com.br\/index.php?rest_route=\/wp\/v2\/pages\/81"}],"collection":[{"href":"https:\/\/arpolar.com.br\/index.php?rest_route=\/wp\/v2\/pages"}],"about":[{"href":"https:\/\/arpolar.com.br\/index.php?rest_route=\/wp\/v2\/types\/page"}],"author":[{"embeddable":true,"href":"https:\/\/arpolar.com.br\/index.php?rest_route=\/wp\/v2\/users\/1"}],"replies":[{"embeddable":true,"href":"https:\/\/arpolar.com.br\/index.php?rest_route=%2Fwp%2Fv2%2Fcomments&post=81"}],"version-history":[{"count":13,"href":"https:\/\/arpolar.com.br\/index.php?rest_route=\/wp\/v2\/pages\/81\/revisions"}],"predecessor-version":[{"id":202,"href":"https:\/\/arpolar.com.br\/index.php?rest_route=\/wp\/v2\/pages\/81\/revisions\/202"}],"wp:attachment":[{"href":"https:\/\/arpolar.com.br\/index.php?rest_route=%2Fwp%2Fv2%2Fmedia&parent=81"}],"curies":[{"name":"wp","href":"https:\/\/api.w.org\/{rel}","templated":true}]}}

Soluções

<h3>Vendemos soluções para os sistemas:</h3>
<div>
<ul>
<li><u><strong>Sistemas VRF </strong></u></li>
</ul>
</div>
<div> No campo do VRF atuamos nas áreas de projetos em instalações e uma engenharia dedicada a operação e manutenção em suas mais diversas aplicações. Todas nossas equipes são preparadas nos centros tecnológicos do maiores fabricantes do setor, garantindo a obtenção da máxima eficiência energética em todos projetos.</div>
<p>&nbsp;</p>
<div>
<ul>
<li><strong><u>Retrofit</u></strong></li>
</ul>
<div> Nossa empresa realiza modernização de sistemas através de Retrofit, que consiste na mudança completa do conceitual do sistema instalado por equipamentos de alta eficiência energética e baixo custos operacionais em prédios comerciais, sem que as atividades do cliente sejam afetadas, os clientes recebem um novo sistema de climatização e a rotina operacional do edifício são preservadas do início ao término da obra, isto só é possível, devido à nossa expertise adquirida  ao longo de 10 anos no qual realizamos este tipo de trabalho, nos estruturamos e especializamos nesta atividade, nos tornando a empresa no Brasil que mais realiza este modelo de obra.</div>
<p>&nbsp;</p>
<ul>
<li><u><strong>Sistemas de Expansão Indireta (Chiller)</strong></u></li>
</ul>
<p><span class="gmail-m_3259554158714844723m_-6781319563448280772m_5721220737325171110gmail-im"> Atuamos intensamente no mercado de água gelada através de projetos, instalação e todas as esferas de manutenção, sendo preditiva, preventiva, corretiva e modernização de equipamentos de grande porte, sendo credenciados e treinados nos maiores fabricantes atuantes no mercado nacional.</span></p>
<p>&nbsp;</p>
<div>
<ul>
<li><u><strong>Sistema de Expansão Direta</strong></u></li>
</ul>
<p>Realizamos instalação e manutenção em sistemas de expansão direta como split&#8217;s, self&#8217;s e rooftop. Modernização dos equipamentos, sempre dentro das determinações e adequações necessárias ao cumprimento da  <strong><a href="http://legislacao.planalto.gov.br/legisla/legislacao.nsf/Viw_Identificacao/lei%2013.589-2018?OpenDocument">LEI Nº 13.589, DE 4 DE JANEIRO DE 2018</a>, </strong>integrando o sistema de climatização às reais necessidades do usuário.</p>
<p>&nbsp;</p>
<ul>
<li><strong><u>Sistemas de Ventilação Mecânica , Exaustão, Pressurização de Escadas e Extração de Fumaça</u></strong></li>
</ul>
<p><span class="gmail-m_3259554158714844723m_-6781319563448280772m_5721220737325171110gmail-im"> Projetamos, instalamos e somos responsáveis pela manutenção de sistemas de pressurização de escada, tomadas de ar externo, ventilação mecânica, exaustão e sistemas de extração de fumaça, atuamos em edificações desde sua concepção, projeto e execução, atendendo os padrões de qualidade e incluindo a certificação LEED.</span></p>
<p>&nbsp;</p>
</div>
<div>
<ul>
<li><u><strong>Dutos</strong></u></li>
</ul>
</div>
<div> Possuímos fabrica própria, equipada com máquinas operatrizes automatizadas de alta tecnologia, capazes de produzir dutos de alta qualidade em larga escala, dentro dos mais altos padrões de exigência do mercado, atendendo as normas como NBR-16401.</div>
<p>&nbsp;</p>
</div>
<div>
<div>
<ul>
<li><u><strong>Engenharia</strong></u></li>
</ul>
</div>
<div> Possuímos uma equipe de engenharia altamente capacitada e de grande renome no mercado de HVACR, especializada em avaliação, remodelagem, e montagem de projetos, visando sustentabilidade e eficiência energética com experiência também em obras com padrão LEED. Com um grande diferencial de ser uma equipe atuante e diretamente ligada ao departamento de manutenção e instalação, otimizando os processos, gerando qualidade e satisfação de nossos clientes.</div>
</div>

<p>Vendemos soluções para os sistemas: Sistemas VRF   No campo do VRF atuamos nas áreas de projetos em instalações e uma engenharia dedicada a operação e manutenção em suas mais diversas aplicações. Todas nossas equipes são preparadas nos centros tecnológicos do maiores fabricantes do setor, garantindo a obtenção da máxima eficiência energética em todos projetos. &nbsp; [&hellip;]</p>
