{"id":79,"date":"2018-05-15T11:39:55","date_gmt":"2018-05-15T14:39:55","guid":{"rendered":"https:\/\/arpolar.com.br\/?page_id=79"},"modified":"2018-08-30T08:36:39","modified_gmt":"2018-08-30T11:36:39","slug":"o-que-fazemos","status":"publish","type":"page","link":"https:\/\/arpolar.com.br\/?page_id=79","title":{"rendered":"O que fazemos"},"content":{"rendered":"<div class=\"row\">\n<div id=\"instalacao\" class=\"col col-xs-12\">\n<h3>INSTALA\u00c7\u00c3O<\/h3>\n<ul>\n<li>Redes de dutos (convencionais): fabricados em chapa galvanizada, isolada termicamente com mantas de l\u00e3 de vidro. Os dutos aparentes receber\u00e3o uma pintura de acabamento \u00e0 base de zinco e esmalte sint\u00e9tico;<\/li>\n<li>Redes de dutos circulares: fabricadas em chapa galvanizada. Receber\u00e3o uma pintura de acabamento \u00e0 base de zinco e esmalte sint\u00e9tico;<\/li>\n<li>Redes de dutos em chapa preta soldadas para extra\u00e7\u00e3o de fuma\u00e7a, exaust\u00e3o industrial e pressuriza\u00e7\u00e3o de escadas;<\/li>\n<li>Rede hidr\u00e1ulica: em tubos de a\u00e7o galvanizado, DIN-2440, classe 150 libras, a\u00e7o carbono preto Sch 40, com registros gaveta, globo, v\u00e1lvulas de reten\u00e7\u00e3o, v\u00e1lvulas de duas e tr\u00eas vias on-off e proporcionais; conex\u00f5es, etc. Grelhas em alum\u00ednio anodizado;<\/li>\n<li>Rede de tubula\u00e7\u00f5es de cobre;<\/li>\n<li>Interliga\u00e7\u00f5es el\u00e9tricas.<\/li>\n<\/ul>\n<\/div>\n<\/div>\n<div id=\"manutencao\" class=\"row\">\n<div class=\"col col-xs-12 col-md-6\">\n<h3>MANUTEN\u00c7\u00c3O<\/h3>\n<ul>\n<li>Retrofit;<\/li>\n<li>Ar condicionado tipo janela, splits e central;<\/li>\n<li>C\u00e2maras frigor\u00edficas;<\/li>\n<li>C\u00e2maras climaticas;<\/li>\n<li>Centrais de \u00e1gua gelada (chillers e fan coils);<\/li>\n<li>Torres de Arrefecimento;<\/li>\n<li>Centrais de bombeamento de \u00e1gua;<\/li>\n<li>Pain\u00e9is el\u00e9tricos.<\/li>\n<\/ul>\n<\/div>\n<div id=\"engenharia_suporte\" class=\"col col-xs-12 col-md-6\">\n<h3>ENGENHARIA E SUPORTE<\/h3>\n<ul>\n<li>Sistemas de ar condicionado;<\/li>\n<li>Sistemas de refrigera\u00e7\u00e3o;<\/li>\n<li>C\u00e2maras frigor\u00edficas;<\/li>\n<li>Sistemas de ventila\u00e7\u00e3o e exaust\u00e3o;<\/li>\n<li>Vistoria, acompanhamento e laudos t\u00e9cnicos;<\/li>\n<li>Assist\u00eancia t\u00e9cnica e manuten\u00e7\u00e3o;<\/li>\n<li>Gerenciamento de obras.<\/li>\n<\/ul>\n<\/div>\n<\/div>\n<div class=\"row\">\n<div id=\"retrofit\" class=\"col col-xs-12\">\n<h3>O RETROFIT<\/h3>\n<ul>\n<li>O termo refere-se \u00e0 reforma, mas no sentido de implantar melhorias, personaliza\u00e7\u00f5es, adapta\u00e7\u00f5es \u00e0s normas t\u00e9cnicas vigentes.<\/li>\n<li>O retrofit valoriza o im\u00f3vel, incorpora tecnologias modernas. Reduz gastos com manuten\u00e7\u00e3o e possibilita a economia de energia el\u00e9trica e \u00e1gua.<\/li>\n<li>O ar-condicionado pode ser respons\u00e1vel por gastos que podem chegar at\u00e9 50% do consumo de energia el\u00e9trica. O retrofit melhora o conforto t\u00e9rmico, atualiza o equipamento e reduz o consumo de energia.<\/li>\n<\/ul>\n<h3>AREAS DE ATUA\u00c7\u00c3O<\/h3>\n<ul>\n<li>Industrial<\/li>\n<li>Comercial<\/li>\n<li>Residencial<\/li>\n<\/ul>\n<\/div>\n<\/div>\n","protected":false},"excerpt":{"rendered":"<p>INSTALA\u00c7\u00c3O Redes de dutos (convencionais): fabricados em chapa galvanizada, isolada termicamente com mantas de l\u00e3 de vidro. Os dutos aparentes receber\u00e3o uma pintura de acabamento \u00e0 base de zinco e esmalte sint\u00e9tico; Redes de dutos circulares: fabricadas em chapa galvanizada. Receber\u00e3o uma pintura de acabamento \u00e0 base de zinco e esmalte sint\u00e9tico; Redes de dutos [&hellip;]<\/p>\n","protected":false},"author":1,"featured_media":0,"parent":0,"menu_order":0,"comment_status":"closed","ping_status":"closed","template":"","meta":[],"_links":{"self":[{"href":"https:\/\/arpolar.com.br\/index.php?rest_route=\/wp\/v2\/pages\/79"}],"collection":[{"href":"https:\/\/arpolar.com.br\/index.php?rest_route=\/wp\/v2\/pages"}],"about":[{"href":"https:\/\/arpolar.com.br\/index.php?rest_route=\/wp\/v2\/types\/page"}],"author":[{"embeddable":true,"href":"https:\/\/arpolar.com.br\/index.php?rest_route=\/wp\/v2\/users\/1"}],"replies":[{"embeddable":true,"href":"https:\/\/arpolar.com.br\/index.php?rest_route=%2Fwp%2Fv2%2Fcomments&post=79"}],"version-history":[{"count":6,"href":"https:\/\/arpolar.com.br\/index.php?rest_route=\/wp\/v2\/pages\/79\/revisions"}],"predecessor-version":[{"id":167,"href":"https:\/\/arpolar.com.br\/index.php?rest_route=\/wp\/v2\/pages\/79\/revisions\/167"}],"wp:attachment":[{"href":"https:\/\/arpolar.com.br\/index.php?rest_route=%2Fwp%2Fv2%2Fmedia&parent=79"}],"curies":[{"name":"wp","href":"https:\/\/api.w.org\/{rel}","templated":true}]}}